x = -4*c - 8*c. List the prime factors of c.
2, 13
Let c(p) = 1778*p + 802. What are the prime factors of c(7)?
2, 3, 23
Suppose 4*q - 38564 = -4*g + 1076, 5*g - 2*q - 49564 = 0. List the prime factors of g.
2, 3, 7, 59
Let b(w) = -w**3 - 3*w**2 - 2*w - 4. Let o be b(-3). Suppose -3325 = -9*h + 2*h. Suppose 225 = -o*x + h. List the prime factors of x.
5
Let q(b) = -6371*b + 108. What are the prime factors of q(-2)?
2, 5, 257
Let l be 11/((-77)/(-35)) - 3. Let r(v) = 2*v**2 + 3*v + 4. Let u be r(-7). List the prime factors of 5445/u - l/9.
67
What are the prime factors of (12*(5/25)/1)/(2/1465)?
2, 3, 293
Suppose 19*t + 17*t - 52*t + 238944 = 0. What are the prime factors of t?
2, 3, 19, 131
Let j = -986 - -2293. Suppose 2*n - 4*r = 7*n - 1631, -4*n = r - j. Let o = n - 216. What are the prime factors of o?
3, 37
Suppose r + 1490 - 7683 = 8528. List the prime factors of r.
3, 7, 701
Let q = -8148 - -15169. List the prime factors of q.
7, 17, 59
Let r = 0 - -4. Let q(d) = -d**3 - 4*d**2 - 7*d - 9. Let y be q(-3). Suppose 4*a + 143 = 6*a - y*n, -n = -r*a + 271. What are the prime factors of a?
67
Suppose 24144 = 3*p - 2*c, 37246 = 4*p + 3*c + 5020. What are the prime factors of p?
2, 3, 11, 61
Let d = -830 + 852. Suppose -d*y + 17130 = -12*y. List the prime factors of y.
3, 571
Suppose 4*u - 6585 - 1759 = 0. Let i = u + -735. List the prime factors of i.
7, 193
What are the prime factors of (1 + 291/(-2))*90610/(-205)?
13, 17
Suppose -2*y = -3*w - 35240, -15323 - 19929 = -2*y + w. What are the prime factors of y?
17, 61
Let p = 82 + -69. Let z = 19 + p. Let k = z + -26. What are the prime factors of k?
2, 3
Let u = -24 - -27. Suppose 2*q = u*p + 4*q - 13, -q + 14 = 3*p. Suppose -2*s = c - 24, c - p*s + 4 = -0*s. What are the prime factors of c?
2
Let b(g) = -1488*g + 7413. What are the prime factors of b(-26)?
3, 11, 127
Let l be -89 - (-8 + 13)*1/5. List the prime factors of (16/((-320)/l))/((-3)/(-244)).
2, 3, 61
Suppose 6*x = 2*x - z + 211, 0 = -2*x + 5*z + 133. Let k = -48 + x. Suppose 2*b + k*h - 366 = 11*h, 3*h = -5*b + 853. List the prime factors of b.
173
Suppose -3*s = 2*c - 26621, 0 = -c - 5*s + 4931 + 8390. What are the prime factors of c?
2, 6653
Suppose 3*x = 4*c - 94668, 97254 + 68452 = 7*c + 4*x. List the prime factors of c.
2, 3, 5, 263
Let l(a) = -5*a - 107. Let b be l(-30). Suppose -b - 313 = -2*n. List the prime factors of n.
2, 89
Let x(v) = -3*v + 32. Let u be x(11). Let a(o) = 377*o**2 - 2*o + 1. List the prime factors of a(u).
2, 5, 19
Suppose -4*z + 67513 = 4*w - 9595, 38574 = 2*z - 3*w. List the prime factors of z.
3, 6427
Suppose -360*u + 315*u = -231525. List the prime factors of u.
3, 5, 7
Let f(w) = w**2 + 3*w + 10. Suppose 0 = a + 4 - 4. Let z be f(a). List the prime factors of (z/25)/((-2)/(-200)).
2, 5
Let b be -1 - ((-427)/(-3))/(12/(-36)). Suppose 7*c = 5*c + 6, t - b = 4*c. What are the prime factors of t?
2, 3, 73
Let s(a) = a**3 + 13*a**2 - 8*a - 17. Let f be (42/(-6) - 19)*(-4)/2. Let l be (f/(-16))/((-3)/(-12)). List the prime factors of s(l).
3, 29
Let d(o) = -34 - 15 - 522*o + 11 - 16. Let q be d(-4). Suppose 17*i = 8*i + q. What are the prime factors of i?
2, 113
Let d(p) = p**2 - 62 + 27 - 15*p + 8*p**2 + p. What are the prime factors of d(-5)?
2, 5, 13
Let f = -58621 - -103217. What are the prime factors of f?
2, 11149
Let v(w) = -2*w**2 + 20*w - 23. Let i be v(9). Let r be 8/(-20) + 8/i + 2. Suppose r = -5*x + 20, 5*g - x - 1048 = -3*x. List the prime factors of g.
2, 13
Let z(s) = 14*s**2 - 21*s + 270. What are the prime factors of z(23)?
7193
Let x = 158 + -231. Let h = 6 - x. What are the prime factors of h?
79
Suppose 3*j - 2*r = 11, -2*r + 32 - 13 = 3*j. Suppose -j*d - 2*v + 2438 = -2533, 5*v = 5*d - 4985. What are the prime factors of d?
5, 199
Suppose -26*j + 39*j + 208 = 0. What are the prime factors of (1348/j - -5)*-4?
317
Let w(s) = 2*s**2 - 13*s + 3. Let i be w(7). Suppose 13*a = i*a - 9. What are the prime factors of (-56)/a*66/8?
2, 7, 11
Let t be (-372)/(-14) - 48/84. Let s = t + 206. List the prime factors of s.
2, 29
Let u(q) = -q**3 + 10*q**2 - 45. Let r be (-1)/((1 + 5)/(-42)). List the prime factors of u(r).
2, 3, 17
Let s(n) = -333*n**2 + 5*n + 4. Let p be s(-1). Let v = 556 + p. List the prime factors of v.
2, 3, 37
Let i(p) = p**3 - 3. Let o be i(2). Let q(z) = -z**2 + o*z**2 + 4 + 10 - 8*z - 3*z. List the prime factors of q(6).
2, 23
Suppose b = -0*m - 2*m + 18604, -5*b + m + 93075 = 0. Suppose -b = -11*a - 915. List the prime factors of a.
1609
Suppose 41*u + 1457554 = 139*u. What are the prime factors of u?
107, 139
Suppose 3*a = 3753 + 3768. Let f = -642 + a. List the prime factors of f.
5, 373
Let m be (-1 + 0 - -22)/(129/86). Suppose 363 = -m*q + 2869. Suppose -71 - q = -5*j. List the prime factors of j.
2, 5
Let m(u) = 6*u - 6. Suppose -4*n + 18 = 5*x, 5*x + 4 = 4*x + 3*n. Let i be m(x). List the prime factors of 10/15 + 74/i + -2.
11
Let n(h) = -113*h + 3076. What are the prime factors of n(22)?
2, 5, 59
Let o(s) be the third derivative of -47*s**6/120 + s**5/60 + 5*s**4/24 + 5*s**3/6 - 2*s**2 - 31*s. List the prime factors of o(-2).
3, 5
Suppose 0 = 4*y - 3*u - 26740, 327*u + 26768 = 4*y + 331*u. What are the prime factors of y?
2, 11, 19
Let p(m) = -78*m + 42. Let w be p(9). Let n = -452 - w. List the prime factors of n.
2, 13
Let x = 14 - -1973. Suppose -x - 1097 = -4*r. List the prime factors of r.
3, 257
Suppose -5*a + 2*u + 8160 + 9355 = 0, -14024 = -4*a + 4*u. What are the prime factors of a?
3, 389
List the prime factors of (-16 + 10)/(16/(-28072)).
3, 11, 29
Let s = -65 + 62. Let g be 5 - s/15*0. Suppose -k - 66 = -3*p, -p + g*k = -3*p + 61. List the prime factors of p.
23
Let f(k) = -5*k + 53. Suppose -46 = 3*y - 16. What are the prime factors of f(y)?
103
Suppose -2034 = 15*m - 9549. Suppose 2*c + 3*p - m = 2678, 3*c - 5*p = 4778. What are the prime factors of c?
37, 43
Let d = -73347 - -146718. What are the prime factors of d?
3, 37, 661
Let g(f) = 6 + 10*f**3 - f**2 - 4*f**2 - f + 7*f**2 - 7*f + 5*f**3. What are the prime factors of g(2)?
2, 59
Suppose 9542 + 9353 = 10*m + 3465. What are the prime factors of m?
1543
Suppose 4*o - a - 21561 - 60582 = 0, -3*o + 5*a = -61620. What are the prime factors of o?
3, 5, 37
Suppose -145*b + 149*b - 20 = 0. Suppose 0 = -5*m + 3*c + 211, -m - b*c = -45 - 14. List the prime factors of (-2 - -2) + (m - 2).
2, 3, 7
Suppose -20*y + 21*y - t - 4197 = 0, 0 = t + 2. List the prime factors of y.
5, 839
Let d = 12990 + -4526. What are the prime factors of d?
2, 23
Suppose -4*x - 52 = -4*y, -3*y - x = -34 - 13. Let v(g) = -3*g**2 + 16*g - y*g**2 - 2*g - 10 - g**3. List the prime factors of v(-19).
5, 17
What are the prime factors of (-3)/18*-3 + 583760/32 + -13?
2, 5, 1823
Let a = 8370 + -5918. List the prime factors of a.
2, 613
Suppose -86227 + 248814 = 23*f. List the prime factors of f.
7069
Let v = 22327 + -9444. List the prime factors of v.
13, 991
Suppose 0 = 60*c - 57*c - 81. Suppose 0 = c*l - 23*l - 1760. Suppose 7*p - l = 5*p. List the prime factors of p.
2, 5, 11
Suppose 0 = 26*r - 50 - 184. Suppose 0 = 2*j - v - 110, -7*v + r*v + 110 = 2*j. What are the prime factors of j?
5, 11
Let l(i) = -834*i + 257. List the prime factors of l(-3).
31, 89
Let j(u) = -11*u**3 - 10*u**2 + 9*u + 3. Let q be j(-7). Suppose -5*h = 2*r + 2*r - 2592, 0 = 5*r + 2*h - q. List the prime factors of r.
643
Suppose 11*d = 6*d + 15. Let z(u) = -11*u + 8*u + 2*u**2 + 2 + 5*u**3 - 3. What are the prime factors of z(d)?
11, 13
Let a(h) = -131*h + 1018. What are the prime factors of a(-15)?
19, 157
Suppose 8*o - 2 = 22. Suppose o*g - 4*g = -5*j - 380, 4*g + 4*j = 1616. Suppose -2*s - 3*v + g = 0, 2*v + 172 = 5*s - 790. List the prime factors of s.
2, 97
Let v(x) = -2*x + 25. Let i be v(-4). Suppose -41*j + 5232 = -i*j. What are the prime factors of j?
2, 3, 109
Suppose 5*v - 97306 = 3*f, 26*f - 30*f - 97298 = -5*v. List the prime factors of v.
2, 9733
Suppose -5*k = d + 2*d - 50, k + 2 = 0. Suppose 5*i + h - 4 = 0, 6*i = i + 5*h - d. Suppose 82*z - 86*z + 776 = i. List the prime factors of z.
2, 97
Let o be ((9/(-6))/(-3))/(1/26). Let u(h) = h**2 - 4*h**2 + 5*h**2 + o*h + 14. List the prime factors of u(-12).
2, 73
Suppose 0*f - 17 = -f - a, -29